y + n. Suppose 0 = b + 4*b + p. What is r(b)?
2
Suppose 0 = 2*o - 5*o - 15. Let n = 10 + o. Let r(s) = 11*s**2 + 25*s + 9. Let v(f) = -5*f**2 - 12*f - 4. Let z(c) = -6*r(c) - 13*v(c). Determine z(n).
3
Let n(q) be the second derivative of q**3/3 - q**2 - 18*q. Calculate n(-5).
-12
Let s(m) = -4*m + 11. Let z(k) = -k + 4. Let u(l) = 3*s(l) - 8*z(l). What is u(4)?
-15
Suppose 2*m = -3*t + 15, 6 = 2*m - 2*t - 4. Let r(u) = u. What is r(m)?
6
Let l(y) = -y**2 + 1. Let r(v) = -v**3 + 9*v**2 - 2*v - 7. Let i(w) = -4*l(w) - r(w). What is i(3)?
-9
Let k(h) = 5*h + 4. Let s(a) = 5*a + a - a - 6*a - 1. Let z(q) = k(q) + 6*s(q). Let u be z(-4). Let f(x) = -x**3 + 2*x**2 - x + 2. Give f(u).
0
Suppose -3*d - 3*d + 12 = 0. Let b(u) be the third derivative of 0 - 2*u**d + 0*u - 1/30*u**5 - 1/2*u**3 - 5/24*u**4. Determine b(-3).
-6
Let k(v) = 2*v**2 - v. Let w(a) = 2*a**2 - a. Let m(b) = 7*k(b) - 6*w(b). Calculate m(-2).
10
Let c(k) = 3 - 4*k**2 + 6*k**2 + 5*k**3 - 2 - 3*k**3. What is c(-2)?
-7
Let o(z) = -14*z**2 - 5*z**2 + 24*z**2 + 3*z + 0 + 1. Let l(w) = 4*w**2 + 4*w + 1. Let m(i) = 3*l(i) - 4*o(i). Determine m(-1).
-9
Let k(n) = n**2 + 9*n + 10. Let y be k(-8). Let d(v) = 3 - 6*v + 0 + 0*v. Calculate d(y).
-9
Let i(d) be the second derivative of -d**5/24 + d**4/6 - d**3/3 + d. Let w(t) be the second derivative of i(t). What is w(3)?
-11
Let f(z) = -z - 2. Let u = -12 + 6. What is f(u)?
4
Suppose a + 5 = 2. Let i(z) = z + 7. What is i(a)?
4
Let h(m) = -m. Let j = 56 - 52. Determine h(j).
-4
Let b(s) = 4*s**2 - 17*s - 21. Let i(c) = -c**2 + 6*c + 7. Let r be 1*(2/1 - -5). Let k(f) = r*i(f) + 2*b(f). Calculate k(-6).
-5
Suppose 3 = 2*z - 3. Suppose 0 = -c - 2*c + 6. Let g(j) = -2 - 2*j**2 - 2*j + j**3 + 3 - j**c. Determine g(z).
-5
Let o = -1 - -1. Let d = o + 4. Let v(a) = -8*a**3 - 20*a**2 - 26*a + 29. Let k(r) = 3*r**3 + 7*r**2 + 9*r - 10. Let g(w) = -11*k(w) - 4*v(w). What is g(d)?
-2
Let l(x) = x**3 + x**2 - x - 6. Let p(a) be the second derivative of a**4/12 - 2*a**3/3 + 3*a**2/2 - 3*a. Let h be p(3). Calculate l(h).
-6
Let y(h) = -15*h**2 - h - 1. Suppose -7*k + 1 = -8*k. What is y(k)?
-15
Let r = -5 - 3. Let t(w) = -w**2 - 7*w - 4. Determine t(r).
-12
Let m = 8 - 6. Let l(c) = -c**2 - 5 + c + 5*c + 2*c**m. Let z be l(-6). Let h(y) = y**3 + 6*y**2 + 4*y + 1. Determine h(z).
6
Suppose v + 8 = -0*v. Let d = v + 12. Let w(m) = -7*m - 2*m**2 + m**3 + 0*m**3 - m**2 + 6. Give w(d).
-6
Let s = 0 - -3. Suppose 5*d = -x + 11, 0 = -0*d + 2*d + s*x - 7. Let y = d + -7. Let t(f) = -f - 7. Calculate t(y).
-2
Let h(f) = 4*f + 1. Let a = -11 + 10. Let d be h(a). Let j be d/(6/4) + 2. Let i(m) = m**3 + m**2 + 7. Calculate i(j).
7
Let b(r) = r - 3. Let p(x) = -1 + 2 - 2. Let q(k) = b(k) - 3*p(k). Let v be (0 + 1 - 2)*5. Calculate q(v).
-5
Let y(r) = -r**2 - r + 1. Let q(u) = -u**3 - 4*u**2 - 12 + 5*u**2 + 3*u + 1. Let a(g) = -q(g) - 2*y(g). Determine a(0).
9
Let b be (-2)/4 - (-10)/4. Let y(v) = 3*v - 1. Calculate y(b).
5
Let f(a) be the second derivative of a**4/12 - 3*a**2/2 - 24*a. Give f(-3).
6
Let a(x) = x**3 - 5*x**2 + 5*x + 3. Suppose 0 = 3*w - 9 + 6. Let v be -1 - 0 - -7 - 0. Let y be 6/(w/(v/9)). Give a(y).
7
Let g(x) be the third derivative of -x**4/24 + 2*x**3/3 - 2*x**2. Let y(a) = -a - 1. Let z be y(5). Let r = z - -3. Give g(r).
7
Let j(p) = -2*p**2 + 3*p - 3. Let w(a) = a**2 - 6*a + 7. Let x be w(5). Calculate j(x).
-5
Let o(m) be the second derivative of -5*m**3/6 - 32*m. Determine o(4).
-20
Let o(h) = -h**2 + 7*h + 5. Let q(f) = -4*f**2 + 21*f + 15. Let t(z) = 7*o(z) - 2*q(z). Determine t(-7).
5
Let r(d) = 11*d - 8 - 4*d**3 + 96*d**2 + 3*d**3 - 88*d**2. What is r(9)?
10
Let x be ((-9)/6)/((-30)/20). Let b(g) be the first derivative of 3*g + 5/2*g**2 - x. What is b(-2)?
-7
Let c(p) = p**2 + 8*p - 3. Let b be (10 - 13)*(3 - 0). Give c(b).
6
Suppose 2*l - 2*s + 7*s = -7, -9 = l - 3*s. Let w(v) = v + 3. Determine w(l).
-3
Let n(h) = 6 + 10 + h**3 - 17 + 21*h**2 + 6*h - 26*h**2. Suppose -2*x + 3*p + 15 = -0*p, 2*x = -5*p - 9. Let a be 2*(x + -2)*2. Give n(a).
7
Let r(a) = 5*a. Suppose 3*d - 48 = -b, -3*d - 2*b - 8 = -53. Suppose 0 = -3*v - 9, -4*v = n - 6*n + d. Give r(n).
5
Let n(t) = 0*t + 4*t**2 + 0*t**3 + 2*t + t**3 + 1. Let l(u) = u**2 - 10*u - 3. Let y be l(10). What is n(y)?
4
Suppose -23*y + 18*y = 65. Let x(q) = -q**2 - 13*q. What is x(y)?
0
Let w(l) = l**3 + l**2 + l. Let d(y) = -5*y**2 - 2*y + 3. Let v(f) = -d(f) - 2*w(f). Let j(i) = -i**3 + i**2 - i. Let n(a) = -j(a) + v(a). Calculate n(3).
-9
Let p(w) = -3*w + 4. Let a(d) = -2*d. Let z be a(-3). Let i be 400/20*6/10. Suppose z*h - i = 2*h. Give p(h).
-5
Let x(r) = r + 3. Let t(s) = s**2 + 5*s - 5. Suppose -p + 18 = -5*p + 2*f, -3*p = 5*f + 20. Let h be t(p). Let n be x(h). Let j(d) = -6*d - 3. Give j(n).
9
Let b(a) = -3*a**2 + 3*a - 3. Let v(i) = 2 + 0 + 3*i - 4*i**2 + 2 - 6. Let c(j) = -3*b(j) + 2*v(j). What is c(5)?
15
Let u = 9 + -7. Let k(v) be the third derivative of -v**5/30 + v**4/8 - v**2. Give k(u).
-2
Let k(y) = -y**2 + 6*y + 2. Suppose 0 = 7*n + 5 - 54. What is k(n)?
-5
Let w(c) be the third derivative of -c**4/24 - c**3 + 2*c**2 + 3. Calculate w(-5).
-1
Let d(u) be the second derivative of -u**3/6 - 7*u. Give d(1).
-1
Let h(a) = 3 - 9*a + 0 - 3*a + 10*a. Calculate h(-5).
13
Suppose 5*y + 1 = -4*x - 31, -y = 5*x + 19. Let w(a) = -2*a. What is w(y)?
8
Let f(j) = 3*j + 38. Let x(c) = -c - 13. Let i(h) = 6*f(h) + 17*x(h). Give i(6).
13
Let t be (4/(-7))/((-1)/7). Let w(d) = 2*d**2 - 4*d - 3. Give w(t).
13
Let u(v) = 4*v**2 - v. Let j be (-6)/(-2)*1/(-3). Determine u(j).
5
Let f(i) = 3*i**2 - 3 + 10 + 7*i - 2*i**2. Let z be (-2)/(-9) - 282/54. Calculate f(z).
-3
Let i(j) be the first derivative of j**2 - 5*j + 6. Calculate i(5).
5
Let g(f) = -8*f + 14*f**2 + 15*f**2 + 9 - 28*f**2. What is g(7)?
2
Suppose 4 = 4*j - 0. Let c(n) = 6*n**3 + 2*n - 1. Give c(j).
7
Suppose 21 = 4*n - 3. Let j(t) = 2 + 8*t**3 + 2*t**2 - t - 3*t**3 - t**2. Let o(v) = 6*v**3 + v**2 - v + 2. Let p(q) = n*o(q) - 7*j(q). Give p(0).
-2
Let d(o) be the second derivative of -o**4/12 + 7*o**3/6 - 2*o**2 + 15*o. Suppose -3*g + 30 = -5*p, -2*p + 21 = 3*g - 4*p. What is d(g)?
6
Let c(f) = -13*f**2 + 5*f + 7. Let b(v) = -7*v**2 + 3*v + 4. Let h(s) = 11*b(s) - 6*c(s). Let w be (-4)/(-2 - (-6)/2). Determine h(w).
6
Let l(v) = -v**2 + 2. Let j = 46 - 49. What is l(j)?
-7
Let t(d) = d**3 + 4*d**2 + 4. Let p be t(-4). Suppose 2*v + 11 - 1 = 0, -p*c + 81 = -5*v. Let a be 4/c + 24/14. Let z(f) = 2*f + 1. Give z(a).
5
Let n(x) = x**2 - 14*x - 7. Let r(s) = s**2 - 13*s - 7. Let h(z) = 6*n(z) - 7*r(z). Calculate h(8).
-1
Let o(z) = -z**3 - 8*z**2 + 10*z + 13. Let k(w) = -w**2 - 21*w + 13. Let g be k(-22). Determine o(g).
4
Let m(k) = -283 + 5*k - 3*k**3 + 6*k**2 + 4*k**3 + 283. Give m(-5).
0
Let p = -3 + 8. Let g(n) = -3*n**2 - n**2 + p + 0*n**3 - n**2 - n**3 - 3*n. Let t = 7 - 11. Determine g(t).
1
Suppose -3*q = q - 4. Suppose n = -4 + q. Let i(z) = -4*z. What is i(n)?
12
Suppose 0 = -4*n - 5*g + 15, 0 = -5*n + 5*g - 11 + 41. Let p(w) = -2 + w**2 - 9*w + 2*w + 3. Give p(n).
-9
Let i(b) = -b**2 - 11*b - 12. Let d(x) = -x**2 - 6*x + 6. Let s be d(-8). Determine i(s).
-2
Suppose 0 = -2*p - 17 + 11. Let b(t) = -t**3 - 3*t**2 - t - 4. What is b(p)?
-1
Let y(s) = 17*s - 9. Let p(t) = -9*t + 5. Let a(o) = -7*p(o) - 4*y(o). Calculate a(-1).
6
Suppose 2*c + c - 36 = 0. Let t(b) = b**2 + 5*b - 4. Let k be t(-6). Suppose -k*w - w + c = 0. Let s(n) = -n**2 + 5*n - 1. Calculate s(w).
3
Let q(k) = 6*k. Let g(v) = 7*v + 1. Let s(t) = -5*g(t) + 6*q(t). Calculate s(6).
1
Suppose 2*c + 70 = 7*c. Suppose -2*k - 2 = -c. Let u(t) = t - 6. Give u(k).
0
Suppose 0*w - 6 = -3*w. Let g(y) = 35*y**2 + 2*y - 2 - 36*y**w + y. Suppose 0 = -5*l + 16 - 6. Determine g(l).
0
Let h(d) = -d + 1 - 1. Let u(o) = 0 + 4*o + 1 + 4 - 4. Let n(t) = 9*h(t) + 2*u(t). Calculate n(-5).
7
Suppose -3*o - 3*u - 7 = 11, -u = 2. Let v(y) = -1. Let l(f) = -f + 1. Let g(p) = 14*p - 16. Let b(w) = -g(w) - 12*l(w). Let r(s) = -b(s) - 5*v(s). Give r(o).
-7
Let m be 2*(4 + -2)/(-4). Let p(x) = x + 1. Let k be p(m). Suppose -5*c + c - 16 = k. Let s(v) = v**2 + 4*v. What is s(c)?
0
Let f(v) be the first derivative of -5*v**2/2 - 6*v - 57. Determine f(-4).
14
Let t(w) = w**2 - w. Let i